c
In base 6, what is 1523 + 2500455?
2502422
In base 6, what is 434502550 + -1?
434502545
In base 7, what is -335566445 + -6?
-335566454
In base 8, what is -1071 - 1126?
-2217
In base 4, what is -101203100222 - 232?
-101203101120
In base 9, what is 4263012 + 321?
4263333
In base 9, what is 5 - 5600410?
-5600404
In base 16, what is -553ff + 3c?
-553c3
In base 9, what is 5844 + -11418?
-4464
In base 6, what is -3300154510 + -25?
-3300154535
In base 8, what is -1034 + -206211?
-207245
In base 14, what is -6 - -326c45a?
326c454
In base 5, what is -3340 + -1221003?
-1224343
In base 4, what is -2313 + 112011001?
112002022
In base 16, what is 1 + 1d1b7bc?
1d1b7bd
In base 3, what is 0 + 11212112111202?
11212112111202
In base 9, what is -70608 + 70?
-70528
In base 11, what is -3a80 + -94718?
-98698
In base 4, what is 231031220301 - 11?
231031220230
In base 14, what is -148174 - -8?
-14816a
In base 8, what is -11256454 + 0?
-11256454
In base 4, what is 0 + -2121113221?
-2121113221
In base 4, what is -11 - -11022010002222?
11022010002211
In base 12, what is -1299509b - 3?
-129950a2
In base 14, what is -968a - -259?
-9431
In base 13, what is 3b09cb7 - -2?
3b09cb9
In base 14, what is 32a01a2 + -3?
32a019d
In base 13, what is 2572a704 - 0?
2572a704
In base 7, what is 256 + -260531?
-260242
In base 5, what is 1 - 43341002101?
-43341002100
In base 14, what is -78 - 3261b?
-32695
In base 8, what is 1340 - -2231043?
2232403
In base 10, what is 0 - -12118900?
12118900
In base 12, what is 65 + 6b5?
75a
In base 12, what is -16 - 2769b65a?
-2769b674
In base 5, what is 22243 - 432232?
-404434
In base 6, what is 2105041052 - -1?
2105041053
In base 3, what is 20120022111 + -11002?
20120011102
In base 16, what is 2695 - -226?
28bb
In base 12, what is 1b1 + 594aaa?
59509b
In base 12, what is 2818 - 670?
2168
In base 10, what is -4 - 536245?
-536249
In base 9, what is 673632 - 12?
673620
In base 9, what is 26777 - -2744?
30632
In base 10, what is -666405 - 170?
-666575
In base 15, what is -9 - -a1aa7?
a1a9d
In base 6, what is -1305124 + -14?
-1305142
In base 13, what is -133 - -48129?
47cc6
In base 7, what is -40 - -120060320?
120060250
In base 2, what is 1001010100111010101100000 + 1111?
1001010100111010101101111
In base 5, what is 2242130441 + 41?
2242131032
In base 3, what is -120002012 + -20112?
-120022201
In base 8, what is -4 - -224507671?
224507665
In base 14, what is 2 - -103241?
103243
In base 12, what is 48483 - -62?
48525
In base 8, what is 31023741 + 6?
31023747
In base 11, what is -4 - -1967653?
196764a
In base 13, what is 40c0c - 111?
40acb
In base 13, what is -1 + -3338259?
-333825a
In base 9, what is -14427 + -611?
-15138
In base 11, what is -3716a2a - 23?
-3716a52
In base 16, what is 27 - 524ed?
-524c6
In base 11, what is 6 + -8a8838?
-8a8832
In base 15, what is -8dc - -361?
-57b
In base 2, what is -101010111010110100101 + 10100100?
-101010111010100000001
In base 16, what is 21a0 + 169c7?
18b67
In base 2, what is 11100 + 111111011000111?
111111011100011
In base 3, what is 1000001102 + 10001122?
1010010001
In base 11, what is -29a8222 - -8?
-29a8215
In base 15, what is -2b0c06 - 1?
-2b0c07
In base 7, what is -343 + 110414303?
110413630
In base 5, what is -2010303 - -243042?
-1212211
In base 7, what is 2 - 14135053?
-14135051
In base 11, what is 130638 - 2?
130636
In base 5, what is 41402042002 - -1?
41402042003
In base 4, what is 33013111 - 11010333?
22002112
In base 12, what is 55ab + -21?
558a
In base 9, what is -3674868 - 2?
-3674871
In base 3, what is 210022111200120 + -20?
210022111200100
In base 5, what is 33 - -133240301?
133240334
In base 5, what is 122122 + -24042?
43030
In base 4, what is -23001 + -3033003?
-3122010
In base 7, what is 254353613 - -10?
254353623
In base 13, what is -1672ab6 + 26?
-1672a90
In base 5, what is -1 - -3132240402?
3132240401
In base 12, what is -7a9b57 - 0?
-7a9b57
In base 14, what is 62ab + -95?
6216
In base 9, what is -2224 + -262785?
-265120
In base 2, what is 11100010100000110101000 + 1100?
11100010100000110110100
In base 2, what is 10110010111101000 + -101?
10110010111100011
In base 3, what is -112112 + 20210202100?
20210012211
In base 16, what is 30 + -16a8?
-1678
In base 12, what is -b9 + 729960?
729863
In base 4, what is -3320 + -12300101?
-12310021
In base 11, what is 4 - -24381974?
24381978
In base 11, what is 979033 - -16?
979049
In base 15, what is 0 + -33e250?
-33e250
In base 12, what is 125a - -395b?
4bb9
In base 9, what is -315212 - -2858?
-312243
In base 2, what is -101110110 + -110101011101100?
-110110001100010
In base 12, what is 7 + 172a8ba8?
172a8bb3
In base 5, what is 14200244000 - -3?
14200244003
In base 11, what is 2581 - 1a047?
-17576
In base 9, what is -557 - -106243?
105575
In base 15, what is -3403 + -1ccb?
-51ce
In base 2, what is 100 - -1001001000010000111000?
1001001000010000111100
In base 5, what is 3 - -113001100140?
113001100143
In base 13, what is 632 + 1caa?
260c
In base 11, what is 9 - -803939?
803947
In base 13, what is -14a8994 - 17?
-14a89ab
In base 2, what is 101 - -1100001101001100101000011111?
1100001101001100101000100100
In base 14, what is 15c + -291b?
-279d
In base 4, what is -2031 - -3111232?
3103201
In base 6, what is -15240354 - 210?
-15241004
In base 5, what is -14030310041 + -4?
-14030310100
In base 15, what is 5 - 8e33de5?
-8e33de0
In base 13, what is -a9243 - 25?
-a9268
In base 7, what is 1 + 331312640?
331312641
In base 9, what is 623640023 - 4?
623640018
In base 15, what is -7caeb + -7?
-7cb03
In base 3, what is -100212220020210 + -1?
-100212220020211
In base 13, what is 1241 + -34ba?
-2279
In base 13, what is -5548a7 - 2?
-5548a9
In base 3, what is -2102 - -200121011002?
200121001200
In base 8, what is -31764307 + -4?
-31764313
In base 3, what is 120011121 - -11221001002?
12111012200
In base 7, what is -4161 + -2465456?
-2502650
In base 16, what is 58b + 856?
de1
In base 8, what is -113134 + 47031?
-44103
In base 15, what is 3 - -75186?
75189
In base 12, what is -14435b7 + 9?
-14435aa
In base 10, what is -4 - -2964942?
2964938
In base 2, what is -100111000 + -1000110001001000110000?
-1000110001001101101000
In base 16, what is 1f988cd + 1?
1f988ce
In base 15, what is -14 - d4dcb?
-d4de0
In base 16, what is -cba0b1c - -1?
-cba0b1b
In base 2, what is -100 + -1101000110110011110111111?
-1101000110110011111000011
In base 12, what is -43936 - 5b?
-43995
In base 11, what is 4 - 22a908?
-22a904
In base 10, what is 214 - 1703?
-1489
In base 7, what is -63 + -104606?
-105002
In base 4, what is -2102311202223031 - -11?
-2102311202223020
In base 15, what is -54 - 6e034?
-6e088
In base 6, what is 123 - 52534400?
-52534233
In base 14, what is -19c3905 - -1?
-19c3904
In base 12, what is -1087 - 18b5?
-2980
In base 9, what is 2 - -2402171?
2402173
In base 7, what is -3 - 64166640?
-64166643
In base 7, what is 541026456 + -4?
541026452
In base 11, what is 659 - 12532?
-11984
In base 9, what is -132 - -1570784?
1570652
In base 12, what is 613 - 11823?
-11210
In base 16, what is b013eb - 4?
b013e7
In base 11, what is -12 + 328189?
328177
In base 11, what is 730743 - -8a?
730822
In base 3, what is 212 - 200111020010110?
-200111020002121
In base 4, what is 1332103 + 11110?
2003213
In base 15, what is 2835 - -3d6?
2c1b
In base 6, what is 352114 - -40?
352154
In base 6, what is 4 - 155401445?
-155401441
In base 5, what is -1121344 - -111002?
-1010342
In base 2, what is 11111011010101001111111 + -110111?
11111011010101001001000
In base 8, what is -3 - -25716055?
25716052
In base 9, what is -23 - 13771784?
-13771817
In base 10, what is -3 - -2324193?
2324190
In base 10, what is 2 + 627846?
627848
In base 15, what is -105d3aa0 - 6?
-105d3aa6
In base 9, what is 121507 + -275?
121222
In base 5, what is -14 - -14204323032?
14204323013
In base 13, what is -199b0c0 + 4?
-199b0b9
In base 7, what is 5 - 25345553?
-25345545
In base 2, what is -110100010100000 + -10101?
-110100010110101
In base 9, what is 25 + 314850?
314875
In base 2, what is -1100000001011 + 11010111010010110?
11001011010001011
In base 6, what is 154505022 + -3?
154505015
In base 3, what is 120000002002 + 2000?
120000011002
In base 11, what is -573 - -51242?
5077a
In base 12, what is -2 + 114b0649?
114b0647
In base 15, what i